, 11, 13
List the prime factors of 2209.
47
List the prime factors of 122479.
7, 17497
What are the prime factors of 6348?
2, 3, 23
List the prime factors of 49213.
29, 1697
List the prime factors of 15762.
2, 3, 37, 71
List the prime factors of 6568.
2, 821
List the prime factors of 2315.
5, 463
List the prime factors of 7689.
3, 11, 233
What are the prime factors of 362?
2, 181
What are the prime factors of 92486?
2, 131, 353
List the prime factors of 97.
97
What are the prime factors of 15297?
3, 5099
What are the prime factors of 5969?
47, 127
What are the prime factors of 1017?
3, 113
List the prime factors of 1200.
2, 3, 5
List the prime factors of 1069.
1069
List the prime factors of 2766.
2, 3, 461
What are the prime factors of 15815?
5, 3163
List the prime factors of 1483.
1483
List the prime factors of 6836.
2, 1709
List the prime factors of 7442.
2, 61
List the prime factors of 12653.
12653
What are the prime factors of 871?
13, 67
What are the prime factors of 1107?
3, 41
List the prime factors of 70842.
2, 3, 11807
What are the prime factors of 684?
2, 3, 19
List the prime factors of 2363.
17, 139
What are the prime factors of 3132?
2, 3, 29
List the prime factors of 13134.
2, 3, 11, 199
What are the prime factors of 3879?
3, 431
What are the prime factors of 10432?
2, 163
List the prime factors of 5788.
2, 1447
What are the prime factors of 11092?
2, 47, 59
List the prime factors of 767.
13, 59
What are the prime factors of 7291?
23, 317
What are the prime factors of 13870?
2, 5, 19, 73
What are the prime factors of 1432?
2, 179
List the prime factors of 85244.
2, 101, 211
List the prime factors of 5001.
3, 1667
List the prime factors of 2494.
2, 29, 43
What are the prime factors of 74137?
7, 17, 89
What are the prime factors of 2200?
2, 5, 11
List the prime factors of 5764.
2, 11, 131
List the prime factors of 22967.
7, 17, 193
List the prime factors of 472.
2, 59
What are the prime factors of 34976?
2, 1093
What are the prime factors of 6415?
5, 1283
List the prime factors of 352.
2, 11
What are the prime factors of 5415?
3, 5, 19
What are the prime factors of 16391?
37, 443
List the prime factors of 97465.
5, 101, 193
List the prime factors of 18007.
11, 1637
What are the prime factors of 3279?
3, 1093
List the prime factors of 11326.
2, 7, 809
What are the prime factors of 62390?
2, 5, 17, 367
List the prime factors of 45911.
31, 1481
What are the prime factors of 2090?
2, 5, 11, 19
What are the prime factors of 815?
5, 163
List the prime factors of 25401.
3, 8467
List the prime factors of 166829.
13, 41, 313
List the prime factors of 2796.
2, 3, 233
What are the prime factors of 85416?
2, 3, 3559
List the prime factors of 669.
3, 223
What are the prime factors of 10620?
2, 3, 5, 59
List the prime factors of 2164.
2, 541
List the prime factors of 7034.
2, 3517
List the prime factors of 28418.
2, 13, 1093
What are the prime factors of 6406?
2, 3203
What are the prime factors of 630?
2, 3, 5, 7
List the prime factors of 17521.
7, 2503
List the prime factors of 4618.
2, 2309
What are the prime factors of 1440?
2, 3, 5
What are the prime factors of 1783?
1783
What are the prime factors of 9061?
13, 17, 41
What are the prime factors of 14722?
2, 17, 433
List the prime factors of 542.
2, 271
List the prime factors of 114451.
114451
List the prime factors of 5998.
2, 2999
List the prime factors of 5355.
3, 5, 7, 17
What are the prime factors of 497?
7, 71
What are the prime factors of 30878?
2, 15439
List the prime factors of 3361.
3361
List the prime factors of 96487.
96487
List the prime factors of 36446.
2, 18223
List the prime factors of 504.
2, 3, 7
What are the prime factors of 8366?
2, 47, 89
What are the prime factors of 5406?
2, 3, 17, 53
List the prime factors of 7304.
2, 11, 83
List the prime factors of 89038.
2, 44519
What are the prime factors of 277?
277
What are the prime factors of 2664?
2, 3, 37
List the prime factors of 11833.
11833
List the prime factors of 3989.
3989
What are the prime factors of 634?
2, 317
List the prime factors of 34666.
2, 17333
What are the prime factors of 42949?
29, 1481
What are the prime factors of 1204?
2, 7, 43
List the prime factors of 48061.
13, 3697
List the prime factors of 32223.
3, 23, 467
What are the prime factors of 1228?
2, 307
What are the prime factors of 1498?
2, 7, 107
What are the prime factors of 21433?
21433
List the prime factors of 20261.
20261
List the prime factors of 4559.
47, 97
List the prime factors of 4923.
3, 547
List the prime factors of 1787.
1787
What are the prime factors of 5542?
2, 17, 163
List the prime factors of 21411.
3, 13, 61
List the prime factors of 2162.
2, 23, 47
List the prime factors of 13982.
2, 6991
What are the prime factors of 751?
751
List the prime factors of 4415.
5, 883
What are the prime factors of 393?
3, 131
List the prime factors of 1813.
7, 37
What are the prime factors of 22008?
2, 3, 7, 131
List the prime factors of 3643.
3643
List the prime factors of 684.
2, 3, 19
List the prime factors of 987.
3, 7, 47
List the prime factors of 9628.
2, 29, 83
What are the prime factors of 75575?
5, 3023
What are the prime factors of 16984?
2, 11, 193
What are the prime factors of 1280?
2, 5
What are the prime factors of 6293?
7, 29, 31
What are the prime factors of 969?
3, 17, 19
What are the prime factors of 1476?
2, 3, 41
What are the prime factors of 7400?
2, 5, 37
What are the prime factors of 75483?
3, 8387
What are the prime factors of 35304?
2, 3, 1471
List the prime factors of 1731.
3, 577
What are the prime factors of 41357?
41357
List the prime factors of 113755.
5, 22751
What are the prime factors of 5643?
3, 11, 19
List the prime factors of 19929.
3, 7, 13, 73
What are the prime factors of 2515?
5, 503
What are the prime factors of 4475?
5, 179
What are the prime factors of 81407?
127, 641
List the prime factors of 579.
3, 193
List the prime factors of 101725.
5, 13, 313
List the prime factors of 172957.
19, 9103
What are the prime factors of 5890?
2, 5, 19, 31
List the prime factors of 1077.
3, 359
What are the prime factors of 10996?
2, 2749
What are the prime factors of 4380?
2, 3, 5, 73
What are the prime factors of 930?
2, 3, 5, 31
What are the prime factors of 5018?
2, 13, 193
What are the prime factors of 4302?
2, 3, 239
What are the prime factors of 254?
2, 127
List the prime factors of 7919.
7919
List the prime factors of 9926.
2, 7, 709
What are the prime factors of 61978?
2, 7, 19, 233
What are the prime factors of 938?
2, 7, 67
List the prime factors of 2371.
2371
List the prime factors of 20681.
20681
What are the prime factors of 176?
2, 11
List the prime factors of 5420.
2, 5, 271
List the prime factors of 18393.
3, 6131
What are the prime factors of 41584?
2, 23, 113
List the prime factors of 44934.
2, 3, 7489
What are the prime factors of 1955?
5, 17, 23
What are the prime factors of 18042?
2, 3, 31, 97
What are the prime factors of 16587?
3, 19, 97
What are the prime factors of 6552?
2, 3, 7, 13
List the prime factors of 2413.
19, 127
List the prime factors of 1338.
2, 3, 223
What are the prime factors of 13342?
2, 7, 953
List the prime factors of 34630.
2, 5, 3463
What are the prime factors of 146164?
2, 36541
What are the prime factors of 13131?
3, 1459
List the prime factors of 204.
2, 3, 17
What are the prime factors of 26964?
2, 3, 7, 107
What are the prime factors of 1011?
3, 337
List the prime factors of 46143.
3, 1709
List the prime factors of 56507.
11, 467
What are the prime factors of 13278?
2, 3, 2213
List the prime factors of 39200.
2, 5, 7
List the prime factors of 17685.
3, 5, 131
List the prime factors of 4492.
2, 1123
What are the prime factors of 10003?
7, 1429
List the prime factors of 53610.
2, 3, 5, 1787
What are the prime factors of 29683?
29683
List the prime factors of 43098.
2, 3, 11, 653
What are the prime factors of 1445?
5, 17
List the prime factors of 1371.
3, 457
List the prime factors of 236.
2, 59
List the prime factors of 7289.
37, 197
List the prime factors of 17487.
3, 29, 67
List the prime factors of 1315.
5, 263
List the prime factors of 144287.
11, 13, 1009
What are the prime factors of 41902?
2, 7, 41, 73
List the prime factors of 12317.
109, 113
What are the prime f